t is the highest common divisor of 165 and 1045?
55
Calculate the greatest common factor of 18 and 1962.
18
Calculate the highest common divisor of 10 and 140.
10
What is the greatest common factor of 140 and 100?
20
Calculate the highest common factor of 1792 and 28.
28
Calculate the greatest common divisor of 942 and 18.
6
Calculate the highest common divisor of 84 and 1860.
12
Calculate the highest common factor of 1212 and 24.
12
What is the highest common divisor of 281 and 2?
1
What is the greatest common divisor of 480 and 15?
15
What is the highest common factor of 30 and 1014?
6
Calculate the greatest common factor of 4790 and 10.
10
What is the greatest common factor of 2519 and 5725?
229
Calculate the greatest common divisor of 209 and 57.
19
Calculate the greatest common divisor of 3 and 11.
1
What is the highest common divisor of 22968 and 54?
18
Calculate the highest common factor of 20 and 580.
20
What is the highest common divisor of 1904 and 2737?
119
Calculate the greatest common factor of 14 and 266.
14
Calculate the highest common factor of 53 and 424.
53
Calculate the highest common factor of 41 and 1271.
41
Calculate the greatest common factor of 364 and 91.
91
Calculate the highest common divisor of 5215 and 70.
35
Calculate the highest common factor of 891 and 6.
3
Calculate the greatest common factor of 231 and 1221.
33
Calculate the highest common factor of 3384 and 180.
36
Calculate the greatest common divisor of 36 and 1746.
18
Calculate the greatest common divisor of 772 and 4.
4
What is the highest common factor of 2 and 37?
1
What is the greatest common divisor of 480 and 150?
30
Calculate the greatest common factor of 93 and 7533.
93
What is the highest common factor of 74 and 814?
74
What is the highest common divisor of 888 and 24?
24
What is the highest common divisor of 342 and 18?
18
What is the greatest common divisor of 90 and 20?
10
What is the highest common factor of 54 and 1107?
27
Calculate the highest common divisor of 2136 and 1157.
89
What is the greatest common divisor of 279 and 465?
93
What is the greatest common factor of 198 and 693?
99
What is the highest common divisor of 8299 and 43?
43
Calculate the greatest common divisor of 29839 and 53.
53
Calculate the highest common divisor of 228 and 3990.
114
What is the greatest common factor of 291 and 36?
3
What is the highest common divisor of 66 and 24?
6
Calculate the greatest common factor of 418 and 38.
38
What is the highest common divisor of 5 and 355?
5
Calculate the highest common factor of 405 and 15.
15
What is the greatest common factor of 42 and 448?
14
What is the greatest common factor of 2976 and 4?
4
What is the highest common divisor of 10 and 4610?
10
What is the greatest common divisor of 80 and 120?
40
What is the highest common factor of 30 and 270?
30
Calculate the highest common factor of 70 and 28.
14
What is the greatest common factor of 1632 and 561?
51
What is the highest common divisor of 92 and 40?
4
Calculate the highest common factor of 1131 and 261.
87
What is the highest common divisor of 3726 and 45?
9
What is the greatest common factor of 3204 and 216?
36
What is the highest common divisor of 27 and 417?
3
What is the highest common divisor of 2928 and 216?
24
Calculate the highest common factor of 59 and 2773.
59
Calculate the greatest common divisor of 204 and 6222.
102
Calculate the highest common factor of 6352 and 16.
16
Calculate the highest common factor of 114 and 42.
6
What is the greatest common divisor of 133 and 10241?
133
Calculate the highest common divisor of 73 and 3869.
73
What is the greatest common divisor of 190 and 610?
10
What is the highest common factor of 833 and 272?
17
What is the greatest common factor of 567 and 7?
7
What is the highest common divisor of 17 and 1?
1
Calculate the greatest common factor of 896 and 14.
14
Calculate the greatest common divisor of 723 and 18316.
241
What is the highest common factor of 522 and 609?
87
What is the greatest common factor of 242 and 396?
22
What is the greatest common divisor of 13 and 13?
13
Calculate the highest common divisor of 42 and 4.
2
What is the highest common factor of 405 and 30?
15
What is the greatest common divisor of 16 and 716?
4
What is the highest common divisor of 32747 and 229?
229
What is the highest common divisor of 8 and 344?
8
What is the highest common factor of 2 and 47?
1
Calculate the greatest common factor of 285 and 57.
57
Calculate the greatest common divisor of 120 and 750.
30
What is the highest common divisor of 33 and 891?
33
What is the greatest common divisor of 3765 and 15?
15
Calculate the highest common divisor of 10245 and 5.
5
Calculate the highest common factor of 1276 and 33.
11
What is the greatest common factor of 380 and 47880?
380
What is the highest common factor of 440 and 165?
55
Calculate the greatest common divisor of 20 and 36.
4
What is the greatest common factor of 144 and 1062?
18
What is the highest common divisor of 4 and 256?
4
Calculate the highest common divisor of 16 and 128.
16
Calculate the highest common divisor of 22 and 88.
22
What is the greatest common divisor of 954 and 18?
18
What is the greatest common factor of 154 and 112?
14
What is the greatest common divisor of 70 and 2954?
14
Calculate the highest common factor of 527 and 31.
31
Calculate the highest common factor of 86 and 65446.
86
Calculate the highest common factor of 1152 and 828.
36
What is the greatest common factor of 62 and 992?
62
What is the greatest common factor of 8 and 648?
8
Calculate the greatest common factor of 517 and 11.
11
What is the highest common divisor of 363 and 847?
121
What is the greatest common divisor of 300 and 288?
12
Calculate the greatest common factor of 3193 and 62.
31
Calculate the highest common divisor of 10089 and 885.
177
Calculate the greatest common divisor of 312 and 24.
24
Calculate the highest common factor of 39 and 1833.
39
What is the highest common factor of 91 and 1209?
13
What is the highest common divisor of 4 and 5036?
4
What is the highest common divisor of 224 and 8?
8
What is the highest common divisor of 74 and 1406?
74
Calculate the highest common divisor of 525 and 50.
25
Calculate the greatest common factor of 55 and 58795.
55
What is the highest common factor of 10 and 1130?
10
Calculate the highest common divisor of 616 and 56.
56
Calculate the greatest common factor of 468 and 65.
13
Calculate the greatest common factor of 111 and 96.
3
What is the highest common divisor of 16 and 16?
16
Calculate the greatest common factor of 3656 and 10511.
457
Calculate the highest common divisor of 439 and 1.
1
Calculate the greatest common divisor of 513 and 153.
9
Calculate the greatest common divisor of 8304 and 432.
48
What is the greatest common factor of 52 and 208?
52
What is the greatest common factor of 7546 and 490?
98
Calculate the greatest common factor of 30 and 192.
6
Calculate the highest common divisor of 83 and 581.
83
What is the highest common divisor of 75 and 300?
75
What is the greatest common divisor of 73 and 27959?
73
Calculate the highest common factor of 2747 and 134.
67
What is the greatest common factor of 294 and 3626?
98
What is the greatest common factor of 53 and 795?
53
Calculate the highest common factor of 45 and 3465.
45
Calculate the highest common divisor of 136 and 56.
8
Calculate the highest common divisor of 715 and 195.
65
What is the greatest common divisor of 372 and 5?
1
What is the highest common factor of 540 and 945?
135
What is the highest common factor of 5 and 8?
1
Calculate the greatest common factor of 392 and 224.
56
Calculate the greatest common factor of 56576 and 221.
221
What is the greatest common divisor of 24688 and 32?
16
Calculate the greatest common factor of 33 and 2409.
33
Calculate the greatest common factor of 511 and 84.
7
Calculate the highest common divisor of 4921 and 266.
133
What is the greatest common divisor of 5735 and 37?
37
Calculate the highest common factor of 693 and 154.
77
Calculate the highest common divisor of 190 and 20.
10
What is the highest common divisor of 24 and 168?
24
What is the greatest common factor of 1632 and 51?
51
Calculate the greatest common factor